3
Let x(b) be the second derivative of b**4/12 - b**3/2 + 3*b**2/2 - 13*b. Suppose -8 = s - 3*s. Give x(s).
7
Suppose 4*h - 3*v - 32 = 0, -5*v = 2*h - 46 + 4. Let n(b) = 3*b + 4*b + b**2 - h - 6*b. Give n(0).
-11
Let x be -1 - (12/3 + -5). Let q(m) be the first derivative of m**2/2 - 5*m - 1. Determine q(x).
-5
Let i(p) = -p**2 - 10*p - 8. Let n be ((-4)/3*(-18)/4)/(-1). Determine i(n).
16
Let a be 1/(-2)*(3 - 9). Let j(f) = -f + 1 + 4*f**2 - 2 - 2 - f**3. Calculate j(a).
3
Let c(f) = -6*f + f - f**2 + 4*f. Let t(p) = 6*p**2 + 2*p - 4. Let n(r) = 5*c(r) + t(r). What is n(3)?
-4
Let s(m) = m**3 + 8*m**2 + 6*m + 8. Suppose -14 = -2*g - 28. Give s(g).
15
Let p(y) be the first derivative of -y**2/2 + 5*y + 1. Suppose -7*t + 4*t = 0. What is p(t)?
5
Let j(l) = l + 8. Let i be j(-4). Suppose -4*s + i*p + 2 = s, -6 = s - 4*p. Let m(x) = 4*x**2 - 4*x + 2*x - 1 - 3*x**s. Determine m(3).
2
Let d(a) = 2*a**2 - 2*a + 2. Let f(y) = 2*y + 11. Let s be f(-4). Give d(s).
14
Let z = 31 - 5. Let r(i) = -12 - 13 + i**2 + z + 12*i**3 - i. Calculate r(1).
13
Let h(g) = -g**2 - 4*g + 3. Let n be h(-4). Let k(p) be the third derivative of 0*p + 0 + 1/8*p**4 - 1/120*p**6 + p**2 + 1/15*p**5 + p**n. Determine k(5).
-4
Let v(o) = -13*o**3 - o**2 - o + 12. Let h(g) = -7*g**3 - g**2 - g + 6. Let s(u) = -11*h(u) + 6*v(u). Give s(6).
0
Let f be 273/35 + (-4)/(-20). Let z(c) = c**3 - 8*c**2 + 2*c - 12. Give z(f).
4
Suppose 4*j + 3*h = 2*j, 5 = -5*j - 5*h. Let y(o) = -o**3 - 2*o**2 + 3*o - 2. What is y(j)?
-2
Let y(z) be the third derivative of z**4/24 - 5*z**3/6 + z**2. What is y(5)?
0
Let u(b) = -b**2 + b + 9. Let z = 14 + -9. Let t be z/(-2) - 2/(-4). Let p = -2 - t. What is u(p)?
9
Let v(r) = 3*r**2 + 29*r - 10. Let f(m) = -m**3 - 5*m**2 + 6*m - 4. Let b be f(-6). Let j(u) = -u**2 - 10*u + 3. Let x(t) = b*v(t) - 11*j(t). Calculate x(-6).
7
Suppose 12 = -8*n + 12*n. Let h(i) = -6 + 5*i - 17*i - i**2 + 3*i + n*i. Give h(-5).
-1
Let m(u) = u**3 + 6*u**2 - 6*u + 3. Suppose 2*n + 8 + 6 = 0. Calculate m(n).
-4
Let q(p) = -p**2 - 10*p - 7. Suppose 0 = 4*j + 12 + 24. What is q(j)?
2
Suppose r - 5*r + 3*c + 21 = 0, 2*c - 26 = -4*r. Suppose -5*j = r - 1. Let t(q) = 10*q**3 + q**2 + 2*q + 1. Determine t(j).
-10
Let h(k) = 4*k**2 + 4*k + 2. Let w = 30 - 17. Let f = w + -7. Let g be f/(-8) - 10/8. What is h(g)?
10
Let c(t) = 1 - 2*t**2 + 4*t**2 + 4*t**2 - 5*t**2. Let z be c(-1). Let w(a) be the second derivative of a**4/12 - 2*a**3/3 + 3*a**2/2 + a. What is w(z)?
-1
Let p(j) = 5*j**3 + 8*j**2 - 3*j - 13. Let q = 11 - 16. Let h(o) = -3*o**3 - 5*o**2 + 2*o + 9. Let i(c) = q*p(c) - 8*h(c). What is i(0)?
-7
Let b(p) be the first derivative of p**4/6 + p**3/6 - p**2 + 6*p - 2. Let l(q) be the first derivative of b(q). What is l(-2)?
4
Let x(w) = w**3 + 4*w**2 - w + 1. Let t be 114/(-18) - 2/(-6). Let u = -10 - t. What is x(u)?
5
Let t(l) = l**2 + 6*l + 2. Suppose 0 = 5*x - x - 52. Let b = -28 + x. Let r be 3*b/(-27)*-3. Give t(r).
-3
Let c be ((-9)/(-4))/(21/56). Let y(v) = -v**3 + 5*v**2 + 9*v - 4. Determine y(c).
14
Let h(l) be the third derivative of -l**6/120 + l**5/30 + l**4/24 + l**3/2 - 43*l**2. Give h(3).
-3
Let b be 12/((-52)/(-20) - (-33)/(-55)). Let q(i) be the third derivative of i**5/60 - 7*i**4/24 - i**3/3 - i**2. Give q(b).
-8
Let n(r) = -2 + 3*r**3 - 4*r**3 + 5*r**2 + 4*r + 6*r**3 - 6*r**3. What is n(4)?
30
Let x(h) = h**2 - 4*h**2 + 52*h + 2*h**2 - 53*h. Determine x(-3).
-6
Let x(w) = -4*w**3 + 2*w**2 - 1. Let r be x(-1). Let l(g) be the first derivative of -g**2 + 3*g + 7. What is l(r)?
-7
Let o(y) = -1 + 9*y + y**2 - 13*y - 2*y + 11*y. Let n = -9 + 6. Determine o(n).
-7
Let j = -23 - -26. Suppose 18 = 3*c + j. Let p(n) = 4 + 2*n**2 - n**3 + 3*n**2 + 0*n**2. Give p(c).
4
Let z(d) be the second derivative of 0 - 1/3*d**3 + 7/2*d**2 + d. Give z(6).
-5
Suppose -5*r + 19 = 3*h, 5*r - 16 = -5*h + 3*h. Suppose 0 = -10*m + 5*m + r*d + 2, -5 = 4*m + 5*d. Let y(u) = -u**2 - 1. What is y(m)?
-1
Let n(f) = -2*f + 1 + 5*f + 0 + 0. Determine n(-2).
-5
Let i(u) = -u**3 + 5*u**3 + 2*u - 5*u**3 - 3*u - 6. Calculate i(0).
-6
Suppose 0*u + 2*l = 4*u, -3*u = l - 5. Let p(o) = -o - 2*o + u + 1. Suppose 2*r + 0*r - 4 = 0. What is p(r)?
-4
Let f(s) = s**3 + 9*s**2 + 8*s. Suppose 16 = -5*r + 3*r. Let z be f(r). Let p be (z + 0)*(4 + -3). Let t(n) = -n**3. Calculate t(p).
0
Let g(z) = -1 - z + 0*z + 0 - 6*z**3. Let u(p) = p**3 - 3*p**2 - 2*p - 9. Let o be u(4). Give g(o).
6
Let o(c) = -5*c**2 - 10. Let n(u) = -11*u**2 + u - 20. Let q(d) = -6*n(d) + 13*o(d). What is q(7)?
-3
Let f be 8/36 - 33/27. Suppose -2 = 4*i - 10. Let k(w) = 1 - 3*w - i*w**3 + 4*w + 4*w**2 - 5*w**2. Determine k(f).
1
Let h(x) = -x**2 - 5*x - 2. Let u(m) = 11*m**2 - 1. Let p be u(-1). Let o(v) = 5 - 20 + 0*v**2 + p*v + v**2. Let w be o(-11). Calculate h(w).
2
Let l be (-1 - -1)*12/12. Let x(p) = p**3 - p. Determine x(l).
0
Let j(d) be the first derivative of -7*d**3/3 + d**2/2 - 16. Let k(w) = -w**2 - 5*w - 3. Let u be k(-4). What is j(u)?
-6
Let f(a) = a**2 + a - 8. Let g be (-6)/(-4)*(-20)/(-3). Let y be (-5)/g*0/(-1). What is f(y)?
-8
Let w(n) be the third derivative of -n**6/120 + n**5/20 - n**3/3 + 29*n**2. Calculate w(2).
2
Suppose -5*g - 28 - 2 = 0. Let r(d) = d**2 + 6*d + 4. Determine r(g).
4
Let r(m) be the second derivative of -m**4/12 - 2*m**3/3 - m**2 - 2*m. Let h = 2 - 5. Calculate r(h).
1
Let o be (-102)/(-10) - 2/10. Let j be (4/o)/((-2)/(-10)). Let v(r) = -r**3 + 2*r - 2. Determine v(j).
-6
Let p(f) = -4 + f**2 + 2*f**3 + 1 + 2. Calculate p(-1).
-2
Suppose -5*v + 2*v = 0. Let i = v - -6. Let n(w) = w**3 - 5*w**2 - 9*w + 9. What is n(i)?
-9
Suppose -h + 4*x - 1 + 6 = 0, -2*h + 3*x = 0. Let w(c) = -c**3 - c**2 + 3*c - 1. What is w(h)?
8
Let z(n) be the first derivative of 3*n**4/4 + 2*n**3/3 - 3*n**2/2 - 2*n + 1. What is z(-2)?
-12
Suppose -b - 2*l - 2 = 0, 3*l = b + 4*l. Let i be 2 + (b - 0 - 1). Let z(w) = -w**2 + 2*w - 1. Determine z(i).
-4
Let p(f) = f - 1. Let m(d) = 2*d + 6. Let r(t) = t + 5. Let w(i) = 4*m(i) - 5*r(i). Let v be w(-1). Let n = -3 - v. Determine p(n).
0
Let r(g) = 2*g. Let n be r(1). Let j = 4 - n. Let y(a) = -a**j + 1 + 2 + 0 + 6*a. Calculate y(5).
8
Let c(q) = -q**3 - 4*q**2 + 4*q - 7. Let z be c(-5). Let m(d) = 2*d**2 + d. Determine m(z).
6
Let s(f) be the third derivative of -f**6/40 - f**5/60 + f**4/12 - f**3/6 + 2*f**2. What is s(-2)?
15
Let b = 15 - 11. Let d(y) = y**2 - 4*y + 4. Let k be d(b). Let r(v) = -5 + v + 8*v - 10*v. What is r(k)?
-9
Let k(i) = -i**3 - 7*i**2 - 2*i - 8. Suppose -4*z + 4 = h + z, 4*h - 4*z + 104 = 0. Let q be (h/(-6))/((-1)/2). Calculate k(q).
6
Let o = 6 + -10. Let m(q) = q**3 + 5*q**2 + 5*q. Determine m(o).
-4
Let q(w) = -w - 7*w**3 - 1 + w**3 + 0 + w**2 + 5*w**3. Calculate q(2).
-7
Let p be 6/(-27) - (-14)/(-18). Let m(j) = -5*j - 1 - j - j. Determine m(p).
6
Let p(d) = 14*d + 3. Let m(z) = 7*z + 1. Let b(c) = 5*m(c) - 2*p(c). Let x be ((-1)/1)/(1/(-1)). Give b(x).
6
Let w(s) = s + 7. Let l = 20 + -21. Let h = 3 + 1. Let b = l - h. Give w(b).
2
Let j(g) = -g**3 - g**2. Let i be 12/(-21) - 6/14. Determine j(i).
0
Let b(m) be the first derivative of -2/3*m**3 + 0*m**2 + 1 + 1/4*m**4 + 0*m. Determine b(1).
-1
Suppose 4 = v + 4*j, -5*j + 3*j - 2 = 0. Suppose 3*i - 4*y = 33, -i + 2*i + v = -5*y. Let u = -10 + i. Let h(g) = g**3 + 2*g**2 - 2*g - 3. Give h(u).
-6
Suppose -5*a + 7*a - 4 = 0. Suppose 16 = -2*o - 2*q, 2*q = 6*o - 2*o + a. Let y(z) = z**3 + 4*z**2 - z - 4. Calculate y(o).
8
Let t(k) be the third derivative of -k**4/24 - 7*k**3/6 - k**2. Suppose -2*q = -3*g + 9, -3*q + 5*g - 15 = -2*q. Determine t(q).
-7
Let r(o) = o**2 - o - 4. Suppose 8*z - 10 = 6*z. What is r(z)?
16
Suppose -4*m - 26 = -2*f, 5 - 3 = -2*f - 3*m. Suppose -p = 2*p - 6. Let q(w) = 0 + 2 - 2*w + f*w - w**p. Give q(4).
-2
Let x(c) = c + 5 - 9 + 6. What is x(-7)?
-5
Suppose -12*n + 17 = -7. Suppose 0 = -2*f + 7*f + 25. Let c be (3 - 1)/(n/f). Let j(s) = -s**3 - 4*s**2 + 6*s + 4. Determine j(c).
-1
Suppose -2*j - 4*t + 25 = -3*j, 0 = j - 3*t + 22. Let a = -16 - j. Let k(u) = -u**2 - 2*u + 2. Determine k(a).
-1
Let y = -14 + 10. Let q(u) = u**2 + 5*u - 1. What is q(y)?
-5
Suppose 0 = a + 4 - 3. Let c be a/2*(2 - 2). Suppose c = 4*t - 0 + 20. Let x(y) = -y**3 - 4*y**2 + 4*y - 6. Give x